 -2*z - 3*x + 56, 29 - 158 = -5*z - 2*x. Let q be (-1)/3 + 1652/6. Calculate the highest common divisor of z and q.
25
Let w = 416 - 194. Calculate the highest common factor of w and 12.
6
Let m = -564 + 938. Calculate the highest common divisor of m and 34.
34
Let k be -5*-1*(3 - 2). Suppose -3*p - 4*v + 65 = -0*p, -v = p - 22. Suppose 2*c - p = k. Calculate the greatest common factor of 126 and c.
14
Suppose 0 = -7*h + 60 + 24. What is the highest common divisor of h and 27?
3
Suppose -4*m = -3*o - 52, -m + 5*o + 70 = 4*m. Let h(b) = -b**3 + 10*b**2 + 2*b - 16. Let t be h(m). Calculate the greatest common divisor of 28 and t.
4
Suppose 4*y = -w + 930, 46*y - 51*y + 2*w = -1156. What is the greatest common factor of 87 and y?
29
Suppose 8 = l - 3. Suppose -2*f = j - 114, -f - 61*j + 63*j = -47. What is the highest common divisor of f and l?
11
Let q be 4 - -4 - (-2 + -7 + 4). What is the greatest common divisor of q and 13?
13
Suppose 18*o - 234 = 216. What is the greatest common divisor of 10 and o?
5
Suppose -11 = -2*q + 5. Suppose -y - 4*y + 4*k + 17 = 0, 0 = 5*y - 5*k - 20. What is the highest common divisor of y and q?
1
Let u = 22 - 17. Suppose 523 = -u*i - 152. Let c be -2*(i/6)/9. What is the greatest common divisor of 55 and c?
5
Let o(i) = i**3 - 19*i**2 - 43*i + 61. Let h be o(21). Calculate the highest common factor of h and 328.
8
Let z(v) be the second derivative of 23*v**4/6 + 42*v. Let w be z(2). Calculate the highest common divisor of w and 23.
23
Let x(z) = z**3 + 9*z**2 + z - 26. Let v be x(-8). Calculate the highest common divisor of v and 465.
15
Let b(w) = w**3 + 7*w**2 + 6*w + 2. Let v be b(-6). Suppose 54 + v = 4*k. Suppose 3*q - 22 - k = 0. What is the highest common factor of 132 and q?
12
Suppose -2*j = -d + j + 15, 0 = -2*d - 4*j + 20. What is the greatest common divisor of d and 156?
12
Let r = 666 - 596. What is the greatest common divisor of 30 and r?
10
Let r = -54 + 66. Let g = -7 - -10. Calculate the greatest common factor of r and g.
3
Suppose 4*p + 2*k - 2034 = 0, 0*p = -3*p + 5*k + 1493. What is the highest common factor of 11 and p?
11
Suppose 0 = -4*v - 4, -2*p + 14*v = 13*v - 1081. What is the greatest common divisor of 9 and p?
9
Let q(s) = -12*s - 20. Let p be q(-3). Calculate the highest common divisor of 76 and p.
4
Let v = 284 - 258. Calculate the highest common factor of v and 598.
26
Suppose 0 = -13*x + 25*x - 7680. Calculate the highest common divisor of 512 and x.
128
Suppose -467 = -4*d - 3*r - 4, -2*d + 3*r = -209. What is the greatest common factor of d and 16?
16
Let r(o) = 4*o + 4 + 11 - 2*o - o. Let n be r(-13). Suppose 0 = -n*v + 3*v - 5. Calculate the greatest common factor of v and 5.
5
Let g be 10 - (0 - 4)/4. Suppose 2*t + 3*a - 3 = -t, 4*t - 5*a - 4 = 0. What is the greatest common factor of g and t?
1
Suppose 59704 - 23464 = 16*t. Calculate the highest common factor of 15 and t.
15
Let r = -654 + 663. Calculate the highest common divisor of r and 117.
9
Suppose -9*n + 10*n - 30 = -3*i, -2*n + 6 = 0. Calculate the highest common divisor of 90 and i.
9
Let w = -276 - -339. Calculate the highest common divisor of 153 and w.
9
Let m(i) = -134*i - 15. Let v be m(-5). Suppose v = 3*l + 151. What is the highest common divisor of 24 and l?
24
Let w(v) = v**2 + v + 1. Let r(g) = -100*g**2 - 3*g - 3. Let f(j) = -r(j) - w(j). Let s be f(-1). What is the highest common divisor of 11 and s?
11
Let a = 976 - -563. Calculate the highest common factor of a and 57.
57
Suppose -2*f + 220 = 5*u, -5*f + 266 - 73 = 4*u. Let b be (4/(-5))/(7/(210/(-4))). What is the highest common divisor of u and b?
6
Suppose 0 = -117*o + 120*o - 96. Calculate the highest common divisor of o and 176.
16
Let p(o) = 61*o**2 + 26*o - 53. Let r be p(2). Calculate the highest common factor of 3 and r.
3
Suppose -4*t + 125 = 5*d, t + 18*d - 15*d = 33. Let y(p) = p**2 - 2*p + 2. Let m be y(4). What is the highest common factor of m and t?
10
Let z(l) be the third derivative of -l**4/24 + 11*l**3/2 - 16*l**2. Let d be z(0). Suppose 12 = 4*r - 0*r. What is the highest common divisor of r and d?
3
Let u be (-4 + 5)*1*13. Let f = u + -17. Let i = 6 + f. Calculate the greatest common factor of i and 2.
2
Let g(c) = -c**2 + 8*c + 9. Let s = 20 - 12. Let w be g(s). Let a = 6 + w. Calculate the highest common divisor of 120 and a.
15
Let y(w) = -5*w**3 + 6*w**2 - 6. Let x be y(-4). Calculate the highest common factor of 10 and x.
10
Let s be (-7295)/(-3) - ((-57)/9 + 6). Calculate the highest common factor of s and 19.
19
Let d be (-426)/(-54) + (-7)/(-63). Calculate the greatest common divisor of 48 and d.
8
Let l(z) = z - 18. Let x = 12 - 1. Let q be l(x). Let s be (-73)/(-4) - q/(-28). Calculate the greatest common factor of 36 and s.
18
Let f = -82 + 97. Calculate the highest common divisor of 240 and f.
15
Let w = 100 - -4. What is the greatest common factor of 24 and w?
8
Let f = 6 - 40. Let d = -28 - f. What is the highest common factor of d and 27?
3
Suppose -2*j + 303 = 2*z - 7*j, 5*z = -4*j + 708. Calculate the highest common factor of z and 108.
36
Let k be -7 + 0 + 1922/62. What is the greatest common factor of k and 21?
3
Let c = 224 - -292. What is the greatest common factor of c and 24?
12
Suppose 0 = -16*j + 12*j + 868. Calculate the greatest common divisor of j and 155.
31
Suppose 3*t = u + 91, 4*u - 4 - 16 = 0. What is the greatest common factor of t and 64?
32
Let f = 40 + -32. Suppose 2*u - 2*r - 348 = 0, -2*u - 5*r - 166 = -3*u. Suppose -6*a = -4*a - u. Calculate the greatest common divisor of a and f.
8
Suppose 26*j = 23*j + 306. Suppose -22 = 10*u - j. Calculate the highest common divisor of 1 and u.
1
Let g(z) = -z**3 - 7*z**2 - 6*z + 13. Let t(s) = -s - 12. Let v be t(-6). Let l be g(v). Let w = -90 + 155. What is the greatest common factor of w and l?
13
Let a(g) be the second derivative of g**4/12 + g**3/6 + 4*g. Let w be a(-1). Suppose 2*d - 5*d + 54 = w. What is the greatest common divisor of 6 and d?
6
Suppose n = -3*n + 36. Let f be -7 + (2 + -1 - -87). What is the greatest common divisor of n and f?
9
Let n(a) = a + 112. Let t be n(-43). What is the greatest common factor of 161 and t?
23
Suppose 12*p = -112 + 1516. Calculate the greatest common factor of 13 and p.
13
Let m = 997 + 895. Calculate the highest common factor of m and 44.
44
Suppose 3*a = -5*f + 24, -f + 5*a = 2*f - 28. Let r = 2 - -30. Let y = 16 + r. What is the highest common factor of y and f?
6
Let v = 2075 + -2010. What is the highest common divisor of v and 20?
5
Let b(n) = -4*n**3 - 5*n**2 + 11*n + 40. Let w be b(-6). What is the highest common divisor of w and 21?
7
Let v(g) = -g**2 + 9*g + 7. Let j be v(-11). Let r be j/(-21) + (-1)/7. Let x = 19 + 11. Calculate the greatest common divisor of r and x.
10
Suppose 0 = -2*c - 0*c + 16. Let l(h) = h + 32. Suppose t = 2*k, -5*t = -0*t + 5*k. Let m be l(t). Calculate the greatest common divisor of m and c.
8
Let q(i) = i**2 + 5*i + 8. Let n be q(-4). Suppose -n*l - 5*j = -377, 0*j - 113 = -l - 5*j. What is the highest common divisor of l and 8?
8
Let l(k) = k**3 - k**2 + 48. Let c = -17 + 17. Let z be l(c). What is the greatest common divisor of z and 12?
12
Let p(o) be the second derivative of o**5/20 + o**4 + 5*o**3/3 - 7*o**2/2 - 6*o. Let q be p(-11). What is the greatest common factor of 10 and q?
2
Let q = 237 + -334. Let t = q + 109. Calculate the greatest common divisor of 24 and t.
12
Suppose -47*u + 63 = -78. Suppose -c + 10 = -2. What is the highest common divisor of c and u?
3
Let y(j) = -j**3 - 41*j**2 - 93*j + 174. Let r be y(-39). Calculate the highest common factor of r and 207.
69
Let h be -5*(18/(-54))/(2/114). Calculate the greatest common factor of h and 38.
19
Let r(d) = 11*d - 60. Suppose -4*p + 1 = -31. Let i be r(p). What is the greatest common divisor of 4 and i?
4
Suppose -3*n + 2*u = -0*n - 403, 672 = 5*n - 3*u. Let v = -2 + 17. Calculate the greatest common divisor of v and n.
15
Let x be (-2 + -4)*((-3675)/(-6))/(-7). What is the greatest common divisor of x and 315?
105
Suppose 0 = -421*h + 420*h + 168. What is the highest common factor of 36 and h?
12
Let l(z) = 5*z + 53. Let i be l(-10). What is the highest common divisor of i and 2?
1
Suppose x + 43